Suppose 4*y - 170 = -h. List the prime factors of y.
3, 11
Let h = -1392 - -5101. List the prime factors of h.
3709
List the prime factors of (9 + (-10734)/(-6))*1.
2, 29, 31
Suppose -5*s - 12 = 8. List the prime factors of s/(-10) - (-1841)/35.
53
Let h(w) = 83*w + 17. Let z(q) = -21*q - 4. Let m be (-6)/6*2/1. Let b(y) = m*h(y) - 9*z(y). What are the prime factors of b(1)?
5
Let x(v) = -v**3 + 13*v**2 + 14*v + 6. Let n be x(14). Suppose 5*t + 12 = n*t. List the prime factors of t.
2, 3
Let o(y) = y + 34. Let d(m) = m**2 + 14*m - 16. Let u be d(-14). Let f be o(u). Let z = f + 45. What are the prime factors of z?
3, 7
Let i(m) = m**3 + m**2 + 43. Let t(k) = k**2 + 10*k + 16. Let b be t(-8). List the prime factors of i(b).
43
Suppose 4*u - l - 1363 = 0, -u = 4*l + 132 - 494. What are the prime factors of u?
2, 3, 19
Let u(k) = 2*k + 8. Let i be u(-11). Let v(b) = -b**2 + 12*b + 3. Let s be v(10). Let o = i + s. List the prime factors of o.
3
Suppose -3*q + 12 + 6 = 0. Let l(f) = 31*f + 2. What are the prime factors of l(q)?
2, 47
Let g be (271/2 - -4)*(-4)/(-3). Suppose -3*b = -s - 3*s - 282, -2*b + 2*s + g = 0. What are the prime factors of b?
2, 3, 5
Let b = -7178 - -11406. What are the prime factors of b?
2, 7, 151
Let v = -36 - -9. What are the prime factors of (v + 159)*(6/4 + -1)?
2, 3, 11
Suppose 9*d - 2064 = -480. Suppose i + t - d = -0*t, -5 = -5*t. List the prime factors of i.
5, 7
Suppose 15 = -3*i, 5*k = -3*i - 2*i. Let z be 4/(-2) - (-7 + k). Suppose z = -0*s - 2*s + 34. What are the prime factors of s?
17
Let m(o) = 3 + o - 5 - 2*o. Let a be m(-2). Let w(t) = -t + 24. What are the prime factors of w(a)?
2, 3
Let f = 42 - 94. Let g = f + 75. List the prime factors of g.
23
List the prime factors of (5 + 5)/10 - (-1 - 1598).
2, 5
Suppose -3*r - 2*m = -2083, r + 3*m + 2766 = 5*r. Suppose 93 = -3*s + r. Suppose -75 = 5*y - s. What are the prime factors of y?
5
Let b(o) be the first derivative of 5*o**4/4 - o**3 + 2*o**2 - 7*o + 12. What are the prime factors of b(2)?
29
Let r(y) = -y**3 + 13*y**2 - 13*y + 21. Let g be r(12). Suppose 15*x - g*x - 972 = 0. What are the prime factors of x?
2, 3
Let s be (-8)/(1*(-1)/1). Suppose 5 - s = -q. Suppose 159 = q*c + 36. What are the prime factors of c?
41
Let z be (-11)/(-4) + 5/20. Let i be -2*(-3)/(-6)*z. What are the prime factors of 6/(-9) - 32/i?
2, 5
Let p = 1021 - 718. List the prime factors of p.
3, 101
Let a(s) = s**3 + 15*s**2 + 12*s - 20. Let z be a(-14). Suppose -5*c = d - 0*d - 1, 4*c = d + z. What are the prime factors of 9/d*(-96)/9?
2, 3
Let a(i) = 61*i - 32. Let c be a(13). Suppose -3*k + 5*h = -c, -5*h = 2*k - 788 + 264. List the prime factors of k.
257
Suppose -2*h = -2*o + 284, -5*h = 6*o - o - 750. List the prime factors of o.
2, 73
Suppose -3*d = 5*p - 1129, -7*p + 3*p + 893 = -d. What are the prime factors of p?
2, 7
Let k = 27 + -22. Suppose 4 = 4*l, -k*a - l + 0*l = -1. Suppose -60 = -6*o - a*o. List the prime factors of o.
2, 5
Let t(h) = 25*h + 9. Suppose a - 9 = -2*a. What are the prime factors of t(a)?
2, 3, 7
Suppose h = -5*f + 505, 2*f + 3*h - 189 = -0*f. Suppose -z = z + f. Let x = z - -77. List the prime factors of x.
2, 13
Let n be (3/((-45)/6))/((-3)/105). Suppose -n*m - 130 = -16*m. What are the prime factors of m?
5, 13
Let l = -808 + 1218. List the prime factors of l.
2, 5, 41
Suppose u - 6 = v, 4*u + 3*v - 4 - 6 = 0. Suppose -3*t + 4*t = 4*p + 59, p - u = 0. List the prime factors of t.
3, 5
Let k(o) = -165*o**3 + o + 2. List the prime factors of k(-1).
2, 83
Let r(m) = -m**2 - 10*m - 5. Let n be r(-9). Suppose 3*b = 0, -o = -5*o + n*b + 392. What are the prime factors of o?
2, 7
Suppose -3*m + w + 8345 = 0, 0 = m - 48*w + 44*w - 2778. What are the prime factors of m?
2, 13, 107
Let q = 24 + -42. Let y = q - -20. What are the prime factors of y?
2
Let h(u) = 56*u + 8. Let i be h(9). Let m = i - 297. Suppose 9*v = 4*v + m. List the prime factors of v.
43
Suppose -8 = 2*f - 6*f. Suppose f*a + w + 14 = 0, -5*a - 34 = -w - 13. Let k = 10 + a. List the prime factors of k.
5
Let g(k) = -37*k + 271. What are the prime factors of g(0)?
271
Let j(r) = 2*r**2 + 24*r - 107. List the prime factors of j(-21).
271
Let w(j) = -9*j**3 - 3*j**2 - 2*j. Suppose -3*r + 11 = p - 5*p, 2 = 2*r. Let z be w(p). Suppose 3*s - 8 - z = 0. What are the prime factors of s?
2, 3
Let g(n) = -n + 17. Let i be g(17). Let y(v) = -v**3 - v**2 + 61. What are the prime factors of y(i)?
61
Suppose 4*c - 3*g - 990 - 902 = 0, 0 = 3*c + g - 1432. List the prime factors of c/16 - 3/(-12).
2, 3, 5
Let t(l) = -l**3 + 12*l**2 - 10*l + 17. Let u be t(9). Suppose 3*s + 7*s - u = 0. List the prime factors of s.
17
Let c be (0 - 52/(-6))/((-1)/(-6)). Let x = c - -35. What are the prime factors of x?
3, 29
Suppose 142 = 4*d - 2*f, 5*d + 2*f = -0*d + 173. Let p be (-2 + 1)/((-7)/d). Suppose 0 = -2*j + 6*j + 2*c - 250, p = -5*c. What are the prime factors of j?
3, 7
Let s be (-3)/(-2)*200/60. Suppose s*a - 177 = 193. List the prime factors of a.
2, 37
Suppose -2*m = 6*m + 32. Let k(h) = -29*h + 3. What are the prime factors of k(m)?
7, 17
Suppose 5*a = k + 15426 - 3513, 2*a - 4755 = -3*k. List the prime factors of a.
2, 3, 397
What are the prime factors of 3 + (-6)/3 + 38 + -9?
2, 3, 5
Let d(c) = c**2 - 6*c - 5. Let r = 24 - 19. Let z be d(r). Let w = z - -22. List the prime factors of w.
2, 3
Suppose -4*d - 24 = 3*h, -5*d - 4*h = 11 + 20. Let i = 5 + d. List the prime factors of ((-18)/(-30))/(i/10).
3
What are the prime factors of 267*(1/(-2))/((-4)/8)?
3, 89
Suppose -5*d + 25 = -3*d + 5*u, u - 5 = -2*d. Suppose d = -2*s, 5*s + 228 = 2*w - 56. What are the prime factors of w?
2, 71
Let w = -1057 - -1758. What are the prime factors of w?
701
Let m(z) = 24*z + 27. List the prime factors of m(14).
3, 11
Let j be 2/(-4)*(0 - -2). Let m be 6/(-1 + j) - 0. Let f = -1 - m. List the prime factors of f.
2
What are the prime factors of -6 + (-8 - -503) + -7?
2, 241
Suppose -r + 1214 = 2*j, -2*j + 598 = -j - 4*r. Let q = j - 425. What are the prime factors of q?
181
Let c(n) = -n**3 + 6*n**2 - 2*n - 1. Let f be c(4). Let b = f - -23. List the prime factors of b.
2, 23
Let r be 4/(-18) + 2/9. Suppose r*y = -3*y + 9. Suppose -4*k = -y*k - 4*m + 5, 6 = 2*m. What are the prime factors of k?
7
Let k(c) = c**2 - 14*c - 23. Let j be k(13). Suppose -4*o = -3*g - 2*o - 59, -97 = 5*g - 4*o. Let r = g - j. List the prime factors of r.
3, 5
Let o(i) = -78*i - 30. Let z be o(-5). Let s = z + -233. List the prime factors of s.
127
Let w = -16 - -10. What are the prime factors of 11/2 + (-3)/w?
2, 3
Let c = -101 + 201. Let w = c + -49. List the prime factors of w.
3, 17
Let o be (-4 - -4) + 7 + 4. Suppose 4*f + 5 = -f. Let m = o + f. What are the prime factors of m?
2, 5
Let i(u) = u**3 - u**2 - 4*u + 157. Suppose 9*s + x - 1 = 4*s, 5*s + 4 = 4*x. List the prime factors of i(s).
157
Suppose -5*s + 1010 = 5*w, 12 = w - 4*w. List the prime factors of s.
2, 103
Suppose -4*y = -y - 5*b - 2288, 2*b - 1520 = -2*y. What are the prime factors of y?
761
Suppose 3*l - 3399 = -3*k, 4*k - 113*l = -115*l + 4522. What are the prime factors of k?
2, 3, 47
Let l be (16/(-24))/((-2)/6). List the prime factors of (-9)/((-4)/24*l).
3
Suppose 3*p - 22 + 7 = 0. Suppose p*r = 5*g + 10, 5*r + 3*g + 0*g - 10 = 0. Suppose 4*x - 12 = r*d, 2 = -4*x - 5*d - 0. List the prime factors of x.
2
Suppose 31*t + 12689 = 77231. List the prime factors of t.
2, 3, 347
Suppose 16*m = 2*m + 6356. What are the prime factors of m?
2, 227
Let p(q) = 7*q + 18. Let y be p(-3). List the prime factors of (-52 - -4)/(-3 + (-8)/y).
2, 3
Let a be (-10)/(2 - 4) + -1. Suppose 0 = a*i - 7 - 9. Suppose -f = -3*u + 95, -i*u + 130 = f + f. What are the prime factors of u?
2
Let v(z) be the third derivative of 3*z**5/2 + z**4/8 - 8*z**2. Let d(m) = -30*m**2 - m. Let o(a) = 8*d(a) + 3*v(a). List the prime factors of o(1).
31
Let a = 158 + -163. List the prime factors of (-972)/a + 24/(-60).
2, 97
Suppose m - 6 = -m. Suppose c - m*c = 4*x + 14, -x = c + 3. Suppose 0 = -4*d + c + 19. List the prime factors of d.
5
Let j = 5 - 23. Let n be (j + 0)*1/2. What are the prime factors of 8 - (n/3)/(-3)?
7
Suppose -431 = 2*l - 1509. List the prime factors of l.
7, 11
Suppose 3727 = 3*c - 2*o,